omposite?
False
Let x(y) = 30*y - 76. Let r be x(3). Is (1/((-4)/19326))/((-21)/r) prime?
True
Let k = 694263 + -462566. Is k prime?
False
Let z(n) = 28*n**3 + 4*n**2 - 8*n + 11. Let h be z(8). Let c = h - 8197. Suppose 5*a - c = 488. Is a prime?
False
Let n = -88472 + 184863. Is n composite?
True
Suppose 46 - 154 = 3*q. Let y = -33 - q. Suppose -j + 2*r = -3*r - 346, 9 = -y*r. Is j prime?
True
Let y = 669 + -667. Suppose 3*m = y*w + 4183, -w = -m + 353 + 1043. Is m a prime number?
False
Suppose 14*r = 8*r. Let d be 2 + 1 + (4 - 1). Suppose r = -15*z + d*z + 4311. Is z prime?
True
Suppose 4*l + 5*w = 17523, -5*l = 2*w + 5515 - 27406. Suppose -13406 = -c - l. Is c prime?
True
Let x = 3459 + -3457. Let r = 1 + -2. Is r*x*2*(-2296)/32 composite?
True
Is 285/(-114) + 2/(-4) - -91804 composite?
False
Let j(y) = -y**2 - 25*y - 81. Let v be j(-21). Suppose 49747 = 4*b - v*h, -4*h = -2*b - 2*b + 49744. Is b a prime number?
False
Suppose 7*i = 6*i - 170. Let t = 310 + i. Is 3/(-6*(-5)/t) composite?
True
Let q(n) = 1049*n - 1076*n + 1657 + 676. Is q(0) a composite number?
False
Suppose -2*n - z + 355 = -5*n, -109 = n - 5*z. Let a = 109 + n. Let t(u) = -u**3 - 5*u**2 + 9*u + 1. Is t(a) prime?
False
Let d = -728 + 1250. Let p = d - -2431. Is p a composite number?
False
Suppose 22*c = 2475 + 1793. Is ((-2655)/30)/((-3)/c) prime?
False
Is (-6)/(-69) - (-7 + (-16463856)/46) prime?
False
Let d(n) = 1296*n**2 - 98*n + 1001. Is d(18) composite?
False
Let v(j) = 3*j**3 + j**2. Suppose d - 3 = -4*b, 2*b = b + 4*d + 5. Let u be v(b). Suppose 9*c - 3276 = -g + u*c, 3*g = -2*c + 9763. Is g a prime number?
True
Suppose 11*c - 3700 + 60856 = 0. Let k = -2863 - c. Is k a composite number?
False
Let s = -4 + -2. Let f be 3*(170/s)/(-5). Suppose f*a = 16*a + 521. Is a a prime number?
True
Let k = 749 + 1178. Is k a composite number?
True
Let b = -48984 - -16218. Let q be (-14)/49 + b/(-21). Is q/32 - 1/(-4) a prime number?
False
Suppose 2*d + 5*a + 15087 = 0, -2*d - 4*a + 1363 = 16453. Let t = 14080 + d. Is t a composite number?
False
Let t be 16/4 + (-2 - -5 - 4). Suppose -t = 2*r - 7. Suppose 0 = -2*v - 3*s + 755, -4*v - r*s + 1547 - 49 = 0. Is v prime?
True
Let u(z) = 16*z - 45. Let v be u(3). Suppose 4*q - q - 11943 = -v*j, -3*j + 7960 = 2*q. Is q a prime number?
False
Let p(j) = j**2 - 18*j + 51. Let m be p(-29). Is m + ((-12 - 0) + 4)/(-2) composite?
True
Let r be (1 - 3)*(-905)/(-10). Let t = 239 + r. Is t composite?
True
Suppose -76*p + 2490099 = 83*p. Is p prime?
True
Let r = 10622 + -1367. Let u = 16049 - r. Suppose 0 = -2*n + 4*c + u, 2*n + 0*c + 3*c = 6829. Is n composite?
False
Suppose j + 7368 = 3*j + 502. Is j a prime number?
True
Let s = 219259 - 100598. Is s a composite number?
False
Suppose -4 = 3*v - 10. Suppose v*q + 22 = 4*q. Let f(m) = 2*m**3 - 12*m**2 - 4*m + 23. Is f(q) a composite number?
True
Is 15*(-4)/(-240)*15658*2 a prime number?
True
Suppose 0*c + 2*i = 3*c - 181049, 543187 = 9*c + 2*i. Is c prime?
True
Let h(f) = -213*f - 6. Let i(y) = y**2 + 8*y - 5. Let a be i(-5). Let x be (-5)/(a/(-6))*(5 - 3). Is h(x) a composite number?
True
Let r(c) = -17*c**3 + 3*c**2 - 3*c - 141. Is r(-8) a prime number?
True
Is (-14 + 11)/(-18)*(-1403436)/(-2) prime?
True
Let s(c) = -c**3 - 11*c**2 - 5*c + 19. Let w(t) = -t**3. Let n(m) = -s(m) + 4*w(m). Let f be n(-9). Suppose 4*p + 935 + 1332 = 3*g, f = 4*g - p. Is g composite?
True
Suppose -365*h - u - 709639 = -369*h, 354806 = 2*h + 4*u. Is h composite?
False
Suppose s = 4*j - 18, -2*j = j - 3*s - 18. Suppose -1287 = -2*m + m - 3*g, 3*g - 5139 = -4*m. Is (m/(-18))/(j/(-30)) composite?
True
Let f(r) = 423*r**2 + 8*r - 1. Suppose -4*k + 4*m = -4 - 4, -2*k + 5*m + 4 = 0. Is f(k) a prime number?
False
Let l be (2*1/(-2))/((-4)/12). Is (885/(-10))/(l/(-122)) - 4 a prime number?
False
Let j be 14/(-8) + (-41010)/(-24). Suppose -j = -4*r + 3041. Is r composite?
False
Let g = 33925 - 7790. Is g a composite number?
True
Let o be (-53 + -2)*-5*(-11 + 69). Suppose o = 17*f - 12*f. Suppose f = 12*y - 2*y. Is y composite?
True
Let u = -32075 - -66258. Suppose -5*p + 41674 = -5*x - 1066, -x - u = -4*p. Is p a composite number?
True
Let r = 262 - 243. Is 45 + -51 - r*-59 composite?
True
Suppose 0 = 55*s - 129687 - 118528. Is s composite?
False
Is 18852 + (-14 - -12) + 3*3 a prime number?
True
Let c(s) = -s**2 + 11*s - 20. Let g be c(7). Suppose 44060 = g*v - 4*v. Is v composite?
True
Let p(y) = -3*y**3 - 5*y**2 - y - 1. Let j be p(-2). Suppose -j*q = -26 + 1. Suppose 0*r - 7610 = -5*r + 3*o, 0 = -q*o. Is r a composite number?
True
Let m(s) = 4 + 8*s**2 + 33*s + 5 - 3 + 2*s**2. Let x be m(-8). Suppose -c - k + x = c, 0 = 2*c + 5*k - 382. Is c prime?
True
Suppose -2*i + 3*a + 31146 = 0, 17*a + 15563 = i + 13*a. Suppose -5*n = 4*k - 38949, -k + i = 3*n - n. Is n prime?
True
Let j = -37 + 41. Suppose -13288 = -5*l + 4*f, -j*l + 0*f = -2*f - 10634. Suppose l - 592 = 4*a. Is a a composite number?
True
Suppose 2274*y = 2278*y - 3533564. Is y a prime number?
True
Suppose -4*a + 7 = 3*n, 11 = -0*a - a - 5*n. Let v = 10 + -7. Suppose -5*h = v*w - 2641 + 412, -4*h = -a*w + 2972. Is w a prime number?
True
Let p = 65521 + 51564. Is p composite?
True
Let z(x) = -92*x + 10. Let d be z(-7). Suppose -5*k - 16 = -9*k. Suppose -5524 = -k*a - 4*l, -5*a - 3*l + 6251 + d = 0. Is a prime?
True
Suppose -10*q + 555282 = 219992. Is q a prime number?
True
Let b = -2194806 - -6563023. Is b composite?
True
Suppose -4*s - 140 + 120 = 0. Is ((3777/6 - -5) + s)*2 composite?
False
Is (9 - 8)/((-22)/(-1118678)) prime?
True
Let b(p) = -3*p**3 + 5*p**2 + 8*p + 3. Let y be b(17). Let z = y + 5014. Let c = -4684 - z. Is c a composite number?
False
Let b(f) = 2*f**3 - 11*f**2 - 10*f + 27. Let w be b(6). Is (w - 0/(-2))/((-3)/(-2237)) a prime number?
True
Let k(y) = -2*y**3 - 3*y**2 + 5*y - 7. Suppose 0 = 37*p - 40*p - 15. Let c be k(p). Suppose 3917 = 6*v + c. Is v prime?
False
Let r be (48/8)/((-9)/(-21)). Let a(g) = 386*g + 31. Is a(r) a prime number?
False
Suppose -i = -75 + 107. Let j = 31 + i. Is j - -867 - (15 + -11) prime?
False
Suppose -11*s - 200 + 618 = 0. Is s*(-5 + 318/4) prime?
False
Let b(g) = -3886*g + 201. Is b(-7) a composite number?
True
Suppose -m = -4*c - 136799, -5*m + 28*c - 33*c + 684070 = 0. Is m a composite number?
False
Let s = -82007 + 115054. Is s prime?
False
Is 939526/(-49)*(14/(-12) + (-4)/12) a prime number?
False
Suppose 4*v - 2071967 = -5*q, -7*q + 10*q + 2589968 = 5*v. Is v a prime number?
False
Let o = -167 - -168. Is 11 + 14246 - 0/o a composite number?
True
Suppose -102*a = -3*a - 8716257. Is a a composite number?
True
Suppose 48*x = -r + 50*x + 6841, -3*x - 34184 = -5*r. Is r a prime number?
False
Let s = 37 - 31. Let h = s + -2. Suppose 9*w - h*w - 635 = 0. Is w a composite number?
False
Suppose 0 = 11*w - 9*w - 12. Suppose 5258 = w*h - 4900. Is h a composite number?
False
Suppose -18*n = -19*n + 22. Suppose 0 = -23*m + n*m + 2391. Is m prime?
False
Let y = 155689 - 90296. Is y a prime number?
True
Let g = -35659 + 39372. Is g prime?
False
Is -13 + 2206673/124 + 0 + (-1)/(-4) composite?
False
Let k = -62 - -68. Suppose -5*p + 14485 = -4*f, -5*p - k*f + 14485 = -2*f. Is p a composite number?
False
Let q(i) = 30*i**3 - 5*i**2 - 35*i + 157. Is q(6) prime?
True
Let s(b) = b + 10. Let r be s(-8). Let f be ((-6)/4)/((-1)/(-4) - 1). Suppose r*z - w = f*w + 59, 0 = -w + 1. Is z composite?
False
Let i(m) = 2917*m**2 - 42*m + 232. Is i(7) composite?
False
Suppose 19*b + b - 3023099 = -41*b. Is b a prime number?
True
Suppose -28*q + 3000540 = 29*q + 3*q. Is q a prime number?
False
Let o(z) = -z**3 + 8*z**2 + 8*z + 5. Let a be o(9). Let f be 216/117 + a/(-26). Let d(n) = 59*n**3 - 3*n**2 + 5*n - 7. Is d(f) a prime number?
True
Let q(s) = 41*s**2 + s + 1. Let x = -38 - -41. Suppose -2*z = x*z + 15. Is q(z) a composite number?
False
Suppose -5725607 = -107*a + 7542714. Is a composite?
True
Let b(f) = 3*f - 5 - 4*f + 0*f. Let n be b(-8). Suppose -2694 = -n*o - 3*o. Is o prime?
True
Let t be 753/9 + 1/3. Suppose 87*i - 24 = t*i. Let v(r) = 16*r**2 + 43. Is v(i) a prime number?
False
Suppose 0*m = -6*m + 12. Suppose -a - m*a = 2*s - 1048, 4*s + 4*a = 2100. Let d = s + 866. Is d a prime number?
False
Suppose 792563 = 3*v - 4*n, -n - 23